{"id":7,"date":"2018-12-20T11:54:53","date_gmt":"2018-12-20T11:54:53","guid":{"rendered":"http:\/\/itfon.de\/?page_id=4"},"modified":"2023-06-25T11:02:41","modified_gmt":"2023-06-25T11:02:41","slug":"materialis","status":"publish","type":"page","link":"https:\/\/i-t-services.de\/","title":{"rendered":"Start"},"content":{"rendered":"<p>[et_pb_section fb_built=&#8220;1&#8243; _builder_version=&#8220;3.15&#8243; background_color=&#8220;#d4d4d4&#8243; custom_padding=&#8220;0|0px|32px|0px|false|false&#8220;][et_pb_row custom_padding=&#8220;32px|0px|0|0px|false|false&#8220; _builder_version=&#8220;3.15&#8243;][et_pb_column type=&#8220;1_3&#8243; _builder_version=&#8220;3.15&#8243; parallax=&#8220;off&#8220; parallax_method=&#8220;on&#8220;][et_pb_image src=&#8220;https:\/\/i-t-services.de\/wp-content\/uploads\/2023\/06\/felder.png&#8220; _builder_version=&#8220;3.15&#8243;][\/et_pb_image][\/et_pb_column][et_pb_column type=&#8220;2_3&#8243; _builder_version=&#8220;3.15&#8243; parallax=&#8220;off&#8220; parallax_method=&#8220;on&#8220;][et_pb_text _builder_version=&#8220;3.15&#8243; text_font=&#8220;||||||||&#8220; text_letter_spacing=&#8220;6px&#8220; custom_margin=&#8220;10px|||0px&#8220;]<\/p>\n<p><span style=\"font-size: xx-large;\"><strong><\/strong><\/span><\/p>\n<p><span style=\"font-size: xx-large;\"><strong>Willkommen bei <span style=\"color: #0c71c3;\">I-T-Services<\/span><\/strong><\/span><\/p>\n<p><span style=\"font-size: large;\"><strong>Wir helfen Ihnen zu verkaufen.<\/strong><\/span><\/p>\n<p>[\/et_pb_text][et_pb_text _builder_version=&#8220;3.15&#8243; text_font=&#8220;||||||||&#8220; text_text_color=&#8220;#000000&#8243; custom_margin=&#8220;-13px|||0px&#8220;]<\/p>\n<p>Wir tragen dazu bei, die Marktposition unserer namhaften Kunden aus Handel und Industrie stetig zu verbessern. So sind wir in der Lage, auch kurzfristig Aktionen f\u00fcr eine effektive Warenpr\u00e4sentation professionell umzusetzen, egal ob es sich Merchandising, eine Produkteinf\u00fchrung oder eine Produktvorf\u00fchrung handelt.<\/p>\n<p>Mit Know-How und Spa\u00df unterst\u00fctzen wir Sie kompetent und unb\u00fcrokratisch mit dem Ziel durch einen tadellosen POS-Auftritt zum Blickfang f\u00fcr die Kunden zu werden. Die Umsetzung und auch die Qualit\u00e4tskontrolle gew\u00e4hrleisten wir dabei durch kontinuierliche Pr\u00e4senz und eventuell notwendige Nachbesserungen.<\/p>\n<p>[\/et_pb_text][\/et_pb_column][\/et_pb_row][\/et_pb_section][et_pb_section fb_built=&#8220;1&#8243; _builder_version=&#8220;3.15&#8243; background_color=&#8220;#d4d4d4&#8243; custom_padding=&#8220;6px|0px|0|0px|false|false&#8220;][et_pb_row custom_padding=&#8220;8px|0px|27px|0px|false|false&#8220; _builder_version=&#8220;3.15&#8243;][et_pb_column type=&#8220;1_2&#8243; _builder_version=&#8220;3.15&#8243; parallax=&#8220;off&#8220; parallax_method=&#8220;on&#8220;][et_pb_cta title=&#8220;Recruitment&#8220; _builder_version=&#8220;3.15&#8243; header_level=&#8220;h1&#8243; header_font=&#8220;|700|||||||&#8220; header_text_color=&#8220;#ffffff&#8220; header_text_shadow_style=&#8220;preset4&#8243; background_image=&#8220;https:\/\/i-t-services.de\/wp-content\/uploads\/2023\/06\/b1.png&#8220; parallax=&#8220;on&#8220; border_radii=&#8220;on|15px|15px|15px|15px&#8220; text_orientation=&#8220;left&#8220; custom_margin=&#8220;0px||1px|&#8220; custom_padding=&#8220;62px|||&#8220; text_shadow_style=&#8220;preset5&#8243; text_shadow_blur_strength=&#8220;1em&#8220; text_shadow_color=&#8220;#000000&#8243; header_letter_spacing=&#8220;10px&#8220; header_text_align=&#8220;left&#8220; header_line_height=&#8220;2em&#8220; header_font_size=&#8220;35px&#8220; body_font=&#8220;|700|||||||&#8220;]<\/p>\n<p>Vermittlung von internationalen Fach- und F\u00fchrungskr\u00e4ften<\/p>\n<p>Wir finden Ihren zuk\u00fcnftigen Mitarbeiter<\/p>\n<p>&nbsp;<\/p>\n<p>&nbsp;<\/p>\n<p>[\/et_pb_cta][\/et_pb_column][et_pb_column type=&#8220;1_2&#8243; _builder_version=&#8220;3.15&#8243; parallax=&#8220;off&#8220; parallax_method=&#8220;on&#8220;][et_pb_cta title=&#8220;Promotion&#8220; button_text=&#8220;Click Here&#8220; _builder_version=&#8220;3.15&#8243; header_level=&#8220;h1&#8243; header_font=&#8220;|700|||||||&#8220; header_text_color=&#8220;#ffffff&#8220; header_text_shadow_style=&#8220;preset4&#8243; background_image=&#8220;https:\/\/i-t-services.de\/wp-content\/uploads\/2019\/01\/p1.png&#8220; parallax=&#8220;on&#8220; border_radii=&#8220;on|15px|15px|15px|15px&#8220; text_orientation=&#8220;left&#8220; text_shadow_style=&#8220;preset5&#8243; text_shadow_blur_strength=&#8220;1em&#8220; text_shadow_color=&#8220;#000000&#8243; header_letter_spacing=&#8220;10px&#8220; header_font_size=&#8220;35px&#8220; custom_padding=&#8220;|||&#8220; header_line_height=&#8220;2.1em&#8220; body_font=&#8220;||||||||&#8220;]<\/p>\n<p><strong>Als Promotion Agentur unterst\u00fctzen wir Sie dabei Ihrem Produkt am POS optimal zu pr\u00e4sentieren und darauf die Aufmerksamkeit potentieller Kunden zu richten.\u00a0<\/strong><\/p>\n<p><strong>Erreichen tun wir dies mit unseren kompetenten und motivierten Promoterinnen und Promotern.Einsatzgebiete sind Baum\u00e4rkte, Elektrom\u00e4rkte, Superm\u00e4rkte etc.<\/strong><\/p>\n<p>[\/et_pb_cta][\/et_pb_column][\/et_pb_row][et_pb_row custom_padding=&#8220;0|0px|27px|0px|false|false&#8220; _builder_version=&#8220;3.15&#8243;][et_pb_column type=&#8220;1_2&#8243; _builder_version=&#8220;3.15&#8243; parallax=&#8220;off&#8220; parallax_method=&#8220;on&#8220;][et_pb_cta title=&#8220;Field Service&#8220; button_text=&#8220;Click Here&#8220; _builder_version=&#8220;3.15&#8243; header_level=&#8220;h1&#8243; header_font=&#8220;|700|||||||&#8220; header_text_color=&#8220;#ffffff&#8220; header_text_shadow_style=&#8220;preset4&#8243; background_image=&#8220;https:\/\/i-t-services.de\/wp-content\/uploads\/2019\/01\/f1.png&#8220; parallax=&#8220;on&#8220; border_radii=&#8220;on|15px|15px|15px|15px&#8220; text_orientation=&#8220;left&#8220; text_shadow_style=&#8220;preset5&#8243; text_shadow_blur_strength=&#8220;1.01em&#8220; text_shadow_color=&#8220;#000000&#8243; header_letter_spacing=&#8220;10px&#8220; header_font_size=&#8220;35px&#8220; custom_margin=&#8220;|||&#8220; custom_padding=&#8220;|||&#8220; header_line_height=&#8220;2.5em&#8220;]<\/p>\n<p><strong>Platzierungsoptimierung<\/strong><br \/><strong> Produktvorstellung<\/strong><br \/><strong> Mystery Checks<\/strong><br \/><strong> POS-Service<\/strong><br \/><strong> Zweitplatzierungen<\/strong><\/p>\n<p>[\/et_pb_cta][\/et_pb_column][et_pb_column type=&#8220;1_2&#8243; _builder_version=&#8220;3.15&#8243; parallax=&#8220;off&#8220; parallax_method=&#8220;on&#8220;][et_pb_cta title=&#8220;Merchandising&#8220; _builder_version=&#8220;3.15&#8243; header_level=&#8220;h1&#8243; header_font=&#8220;|700|||||||&#8220; header_text_color=&#8220;#ffffff&#8220; header_text_shadow_style=&#8220;preset4&#8243; body_font=&#8220;||||||||&#8220; body_text_color=&#8220;#ffffff&#8220; background_image=&#8220;https:\/\/i-t-services.de\/wp-content\/uploads\/2019\/01\/m1.png&#8220; parallax=&#8220;on&#8220; border_radii=&#8220;on|15px|15px|15px|15px&#8220; custom_padding=&#8220;||43px|&#8220; text_shadow_style=&#8220;preset5&#8243; text_shadow_blur_strength=&#8220;1em&#8220; text_shadow_color=&#8220;#0c71c3&#8243; header_letter_spacing=&#8220;10px&#8220; text_orientation=&#8220;left&#8220; header_text_align=&#8220;left&#8220; header_font_size=&#8220;35px&#8220; header_line_height=&#8220;2.4em&#8220;]<\/p>\n<p><strong>Wir unterst\u00fctzen Sie als Regalbetreuer bei der attraktiven Produktpr\u00e4sentation und dem Minimieren von Out-of-StockSituationen.<\/strong><br \/><strong> Dieses setzen wir durch w\u00f6chentliche Marktbesuche um, mit Abstimmung der Lieferrhythmen der einzelnen M\u00e4rkte.<\/strong><\/p>\n<p>[\/et_pb_cta][\/et_pb_column][\/et_pb_row][\/et_pb_section][et_pb_section fb_built=&#8220;1&#8243; _builder_version=&#8220;3.15&#8243; background_color=&#8220;#d4d4d4&#8243; custom_padding=&#8220;0|0px|7px|0px|false|false&#8220;][et_pb_row custom_padding=&#8220;0|0px|0|0px|false|false&#8220; _builder_version=&#8220;3.15&#8243;][et_pb_column type=&#8220;2_5&#8243; _builder_version=&#8220;3.15&#8243; parallax=&#8220;off&#8220; parallax_method=&#8220;on&#8220;][et_pb_text _builder_version=&#8220;3.15&#8243;]<\/p>\n<p><strong>Wir haben Ihr Interesse geweckt?<\/strong><\/p>\n<p>Dann nutzen Sie bitte neben stehendes Kontaktformular, wir setzen uns umgehend mit Ihnen in Verbindung.<\/p>\n<p>[\/et_pb_text][\/et_pb_column][et_pb_column type=&#8220;3_5&#8243; _builder_version=&#8220;3.15&#8243; parallax=&#8220;off&#8220; parallax_method=&#8220;on&#8220;][et_pb_contact_form email=&#8220;ingo.tschirpke@i-t-services.de&#8220; title=&#8220;Kontaktformular&#8220; custom_message=&#8220;i-t-services.de hat eine neue Nachricht von %%Name%% mit der E-Mailadresse %%Email%% versendet.||et_pb_line_break_holder||Inhalt der Nachricht:||et_pb_line_break_holder||%%Message%%&#8220; success_message=&#8220;Ihre Nachricht wurde versendet. &#8220; submit_button_text=&#8220;Absenden&#8220; form_background_color=&#8220;#d4d4d4&#8243; module_id=&#8220;et_pb_contact_form_0&#8243; _builder_version=&#8220;3.15&#8243; title_font=&#8220;||||||||&#8220; form_field_font=&#8220;||||||||&#8220; form_field_font_size=&#8220;14px&#8220; form_field_line_height=&#8220;1em&#8220; border_width_all=&#8220;1px&#8220; border_color_all=&#8220;#0c71c3&#8243; custom_button=&#8220;on&#8220; button_text_size=&#8220;14px&#8220; button_text_color=&#8220;#000000&#8243; button_bg_color=&#8220;#318ec4&#8243; button_border_width=&#8220;0px&#8220; button_border_radius=&#8220;19px&#8220; button_font=&#8220;||||||||&#8220; button_icon=&#8220;%%40%%&#8220; box_shadow_style=&#8220;preset2&#8243; box_shadow_style_button=&#8220;preset2&#8243;][et_pb_contact_field field_id=&#8220;Name&#8220; field_title=&#8220;Name (Pflichtfeld)&#8220; _builder_version=&#8220;3.15&#8243; border_radii=&#8220;on||||&#8220;][\/et_pb_contact_field][et_pb_contact_field field_id=&#8220;Email&#8220; field_title=&#8220;E-Mail-Adresse (Pflichtfeld)&#8220; field_type=&#8220;email&#8220; _builder_version=&#8220;3.15&#8243; border_radii=&#8220;on||||&#8220;][\/et_pb_contact_field][et_pb_contact_field field_id=&#8220;Message&#8220; field_title=&#8220;Nachricht&#8220; field_type=&#8220;text&#8220; fullwidth_field=&#8220;on&#8220; _builder_version=&#8220;3.0.87&#8243; border_radii=&#8220;on||||&#8220;][\/et_pb_contact_field][\/et_pb_contact_form][\/et_pb_column][\/et_pb_row][\/et_pb_section]<\/p>\n","protected":false},"excerpt":{"rendered":"<p>[et_pb_section fb_built=&#8220;1&#8243; _builder_version=&#8220;3.15&#8243; background_color=&#8220;#d4d4d4&#8243; custom_padding=&#8220;0|0px|32px|0px|false|false&#8220;][et_pb_row custom_padding=&#8220;32px|0px|0|0px|false|false&#8220; _builder_version=&#8220;3.15&#8243;][et_pb_column type=&#8220;1_3&#8243; _builder_version=&#8220;3.15&#8243; parallax=&#8220;off&#8220; parallax_method=&#8220;on&#8220;][et_pb_image src=&#8220;https:\/\/i-t-services.de\/wp-content\/uploads\/2023\/06\/felder.png&#8220; _builder_version=&#8220;3.15&#8243;][\/et_pb_image][\/et_pb_column][et_pb_column type=&#8220;2_3&#8243; _builder_version=&#8220;3.15&#8243; parallax=&#8220;off&#8220; parallax_method=&#8220;on&#8220;][et_pb_text _builder_version=&#8220;3.15&#8243; text_font=&#8220;||||||||&#8220; text_letter_spacing=&#8220;6px&#8220; custom_margin=&#8220;10px|||0px&#8220;] Willkommen bei I-T-Services Wir helfen Ihnen zu verkaufen. [\/et_pb_text][et_pb_text _builder_version=&#8220;3.15&#8243; text_font=&#8220;||||||||&#8220; text_text_color=&#8220;#000000&#8243; custom_margin=&#8220;-13px|||0px&#8220;] Wir tragen dazu bei, die Marktposition unserer namhaften Kunden aus Handel und Industrie stetig zu verbessern. So sind wir in der [&hellip;]<\/p>\n","protected":false},"author":1,"featured_media":0,"parent":0,"menu_order":0,"comment_status":"closed","ping_status":"closed","template":"","meta":[],"_links":{"self":[{"href":"https:\/\/i-t-services.de\/index.php?rest_route=\/wp\/v2\/pages\/7"}],"collection":[{"href":"https:\/\/i-t-services.de\/index.php?rest_route=\/wp\/v2\/pages"}],"about":[{"href":"https:\/\/i-t-services.de\/index.php?rest_route=\/wp\/v2\/types\/page"}],"author":[{"embeddable":true,"href":"https:\/\/i-t-services.de\/index.php?rest_route=\/wp\/v2\/users\/1"}],"replies":[{"embeddable":true,"href":"https:\/\/i-t-services.de\/index.php?rest_route=%2Fwp%2Fv2%2Fcomments&post=7"}],"version-history":[{"count":28,"href":"https:\/\/i-t-services.de\/index.php?rest_route=\/wp\/v2\/pages\/7\/revisions"}],"predecessor-version":[{"id":239,"href":"https:\/\/i-t-services.de\/index.php?rest_route=\/wp\/v2\/pages\/7\/revisions\/239"}],"wp:attachment":[{"href":"https:\/\/i-t-services.de\/index.php?rest_route=%2Fwp%2Fv2%2Fmedia&parent=7"}],"curies":[{"name":"wp","href":"https:\/\/api.w.org\/{rel}","templated":true}]}}